t r(f) = 104 + 0*f**2 - v + 4*f + f**h. What is r(-4)?
2
Let w(k) = 7*k**2 - k + 1. Let o(v) = -3*v + 40. Let c be o(13). Give w(c).
7
Let a(h) = -h**2 + 5*h + 1 + 0 - 3. Suppose -4*i = -2*c - 0*c + 26, 2*c = 3*i + 22. What is a(c)?
-2
Suppose 5*k = 39 - 49. Let l(z) = 13*z**2 + 2*z + 1. Determine l(k).
49
Let z(k) = k**2 - 7*k + 5. Let r be (-6)/(-14) - (-3)/(-7). Let c = r - 0. Suppose 8*x - 6*x - 12 = c. Give z(x).
-1
Let q(d) = -d**2 - 2*d - 1. Let f be q(-1). Let s(l) = -l**2 - 4*l - 5. Let y(u) = -u**2 - 3*u - 4. Let t(p) = 3*s(p) - 4*y(p). Give t(f).
1
Let b(y) be the second derivative of -1/20*y**5 - 7/12*y**4 + 3/2*y**2 + 0 + 0*y**3 - 3*y. Let a be b(-7). Let v(n) = -2*n + 3. What is v(a)?
-3
Let i(p) = p + 2. Let h(r) = -r - 1. Let j(w) = -5*w - 5. Let s(x) = 6*h(x) - j(x). Let a(c) = -2*i(c) - 4*s(c). What is a(-3)?
-6
Let d be 15/(-1 + -4) + 28. Let a be d/(-10)*32/(-10). Let h(b) = b - 12. Calculate h(a).
-4
Let d(p) = -9*p + 2. Let j(m) = 5*m - 1. Let a(x) = 6*d(x) + 11*j(x). What is a(-13)?
-12
Let c(n) = 8*n**2 + 53*n + 11 + 53*n + 54*n - 151*n - 4 + n**3. Calculate c(-7).
-7
Let p(n) be the third derivative of n**6/120 - n**5/10 + n**4/12 - 2*n**2 + 2*n. Calculate p(6).
12
Let s be 3*48/(-18)*2. Let o = s + 10. Let y(b) = -b**2 - 7*b - 4. Determine y(o).
2
Let r(v) = v - 8. Let l(f) be the second derivative of -4*f**3/3 + 3*f + 1. Let t be l(1). Determine r(t).
-16
Suppose p = -p - 12. Let c(q) = -9*q - 13. Let x(n) = n**2 - 6*n - 8. Let z be x(6). Let m(j) = 3*j + 4. Let w(k) = z*m(k) - 3*c(k). Give w(p).
-11
Suppose -2*s - 5*n + 76 = 0, s + 2*s - 89 = 5*n. Let h = 52 - 19. Let j = s - h. Let i(o) = -o**3 + 2. Determine i(j).
2
Let n(b) = b**3 + 4*b**2 - 17*b - 56. Let x be n(-3). Let m(h) = -4*h**2 + 9*h + 2. Let c(s) = s**2 - s - 1. Let k(q) = -3*c(q) - m(q). What is k(x)?
-7
Let t(j) = -j**2 + 15*j - 7. Let u be 1221/165 - (-4)/(-10). Calculate t(u).
49
Let l(k) = -2*k**2 - 2*k. Suppose 2*v = 7 - 1. Suppose -4 = -v*o - 5*s - 0*s, -o = -4*s + 27. Let i = 4 + o. Determine l(i).
-12
Suppose 5 = 5*t, 0 = 3*w - 4*t - t - 4. Let y be ((-4)/(-6))/(2/w). Let r(n) = 2 - 9*n + 3*n - y. Give r(2).
-11
Suppose 0 = -3*q - 12, u - 5 = -4*q + 6*q. Let r(w) = w**3 + 3*w**2 + w + 1. Give r(u).
-2
Let j(s) be the second derivative of s**5/20 - 7*s**4/12 + s**3/6 - 5*s**2 - 9*s. Let n be j(7). Let d(i) = i**3 + 2*i**2 + 4. Calculate d(n).
-5
Let c = 745 + -753. Let p(b) = 5*b + 36. Determine p(c).
-4
Suppose -4*d = -4*k + 20, 2*k = 3*d + k + 17. Let b(r) = -r**2 + 7 + 0 + 1 + 0 - 7*r + 4*r. Give b(d).
-10
Let g(w) = w**3 - 23*w**2 - 24*w. Let k be g(24). Let d be 0/(-2) - k/(5 - -4). Let q(u) = u - 22. Determine q(d).
-22
Let h(u) = -9*u**2 + 5*u - 4. Let p(l) = -10*l**2 + 6*l - 4. Let c(v) = -4*h(v) + 3*p(v). Calculate c(2).
24
Let j(a) = a**3 - 5*a**2 - a. Let s(p) = 3*p + 9. Let g be s(-7). Let w be (8/6)/((-2)/g). Let m = w - 3. Calculate j(m).
-5
Let p(f) = 2*f + 17. Let l be p(-7). Suppose -w - n - 1 = 0, -l*n + 2 = 2*w + 5. Let s(k) = -k - 10. Determine s(w).
-10
Let t(n) = -n**2 + 9*n - 10. Let h(f) be the second derivative of -1/12*f**4 - 9/2*f**2 + 0 + 7*f + 3/2*f**3. Let i(k) = -4*h(k) + 3*t(k). Determine i(6).
-12
Let r be 3/(-7) - 4338/(-126). Let g(v) = r - v**3 - 40 + 5*v**2 - 3*v + 0*v. Calculate g(5).
-21
Let d(u) = -5*u + u + 18*u + 5*u. Give d(-1).
-19
Let o(k) be the second derivative of -7*k**4/6 - k**3/3 + k**2 - k. Let n = 13 + -19. Let w(t) = -5*t**2 - t + 1. Let j(z) = n*o(z) + 17*w(z). What is j(-5)?
5
Let x be 24/44 - (1 - (-415)/55). Let n(w) = w + 16. What is n(x)?
8
Let b(y) be the first derivative of y**4/4 - 10*y**3/3 - y**2/2 + 21*y - 284. Calculate b(10).
11
Let k(f) = 2*f**2 + 4*f + 2. Let s = -78 + 94. Suppose 5*x + 2*d + s = 0, 4*x + 0*x + 5*d + 23 = 0. Determine k(x).
2
Let w(u) = -5*u + 2. Let s(q) = 3*q**2 - 30*q + 5. Let c be s(10). Determine w(c).
-23
Let r be 5/(25/(-45))*(-1)/3. Let j(b) = -r + 4 + 6 - b + 2*b. Let x be (-2 + 1 - -7)*-1. What is j(x)?
1
Let c = -1164 - -1160. Let t(w) = -w**3 - 5*w**2 + w - 3. Calculate t(c).
-23
Let k(c) be the third derivative of -c**5/60 + c**4/12 + c**3/6 - 239*c**2. Give k(3).
-2
Let j(w) be the third derivative of -w**4/4 - w**3 + 8*w**2. Let f be j(-8). Let u(r) = -8 - f*r**3 + 6*r - 5*r**2 - r + 41*r**3. Calculate u(-6).
-2
Let b(h) = -10 + 17*h + 5 - 18*h. Let n(a) = a**3 + 2*a**2 + a - 1. Let u be n(-2). What is b(u)?
-2
Let p(s) = -s. Let r = -22 - -14. What is p(r)?
8
Let k(c) be the second derivative of -4*c**3/3 - 132*c. Give k(1).
-8
Let q(v) be the second derivative of v**3/6 - 5*v**2/2 + v + 85. Determine q(6).
1
Let d(g) = g**2 + 24*g - 50. Let c be d(-26). Let s(q) = 7*q - 8. Give s(c).
6
Let w(q) = -4*q - 5. Let y(l) = 1. Let r(d) = -w(d) - 6*y(d). Let n be ((-48)/42*7/(-2))/(4 + 0). Give r(n).
3
Let q(t) = t**3 - 4*t**2 - 3*t - 4. Suppose 6*s + 4 = 8*s. Let u be 12/24 + 9/s. Let y(m) = -m**3 + 6*m**2 - 5*m + 5. Let g be y(u). Calculate q(g).
6
Let n(l) = 5*l - 6. Let w = -54 - -56. Let y be n(w). Let i(h) be the second derivative of h**5/20 - h**4/4 - h**3/2 - 3*h**2/2 - h. What is i(y)?
1
Let w(h) = 11*h + 4. Let l(f) = -f**3 - 5*f**2 + 8*f + 44. Let k be l(-3). Determine w(k).
26
Suppose -4*s = -4*m + 24, 3*s + 0*m = -4*m + 3. Let z(h) be the second derivative of 1/3*h**3 + 0 - h + 1/6*h**4 - h**2. Calculate z(s).
10
Let h(q) = q**3 - 5*q**2 + 5*q - 1. Let f be h(4). Let p(g) be the first derivative of g**3/3 - 3*g**2 + 4*g + 259. Give p(f).
-5
Suppose -2*i - 2*i + 48 = -5*x, i - 3*x = 19. Let g(m) be the second derivative of m**5/20 - 7*m**4/12 + 3*m**2/2 - 3753*m. Determine g(i).
3
Let q(p) = -p**2 - 6*p + 14. Let s be (10/(-6))/(2/(-6)). Suppose s*a = -56 + 16. Let m be q(a). Let t(u) = -u**3 - 3*u**2 - u - 1. Calculate t(m).
-3
Let v(p) = p + 5. Let w be -5*(2 + -4)*-1. Let i be w*((-28)/(-8))/(-7). Calculate v(i).
10
Let k(j) = 4 - 2120*j - 4 + 2102*j. Determine k(-1).
18
Let h(q) = q**3 - 6*q**2 + 4*q + 6. Suppose 46 = -5*a + 56. Suppose r + 15 = a*x, 2*r - 7*r = 2*x + 15. Determine h(x).
1
Let s(b) = -8*b**3. Let x be s(-1). Let u(i) = -5 - 6*i + x*i - 14 - i. Calculate u(8).
-11
Let a(i) = -11*i**2 + 8*i - 3*i + 10*i**2 - 1. Suppose 0 = -r + 2*r - 7. Suppose 0 = -r*d + 6*d + 2. What is a(d)?
5
Let y(t) = t**3 - 1. Let n(l) = 3*l**3 + 7*l**2 + 8*l. Suppose d + 2*d - 15 = 0. Suppose -6 = d*f + 4. Let m(j) = f*y(j) + n(j). Determine m(-6).
-10
Let z(x) = x**2 - 20*x + 45. Suppose 23*k - 349 = 42. Give z(k).
-6
Let x be ((-2)/4)/(5/(-120)). Suppose 2*w + x = -2*w. Let q(j) = -4*j + 14*j**2 + 0*j**3 - 13*j**2 - 4 + j**3 + 3. Determine q(w).
-7
Let j(r) = -5*r. Let a(w) = -2*w. Let y(p) = 7*a(p) - 4*j(p). Let n be (-3 + 3 + -2)/(-1). What is y(n)?
12
Suppose 0 = 111*y - 106*y + 25. Let n(p) = p**3 + 4*p**2 - 3*p + 4. Calculate n(y).
-6
Let r(n) = n**3 - 2*n**2 + 1. Suppose 9 = -2*l - 5*k, 15*l - 10*l + 5 = 5*k. Determine r(l).
-15
Let q(n) = 7*n**3 - 20*n**2 + 4*n + 7. Let m(d) = -2*d**3 - d - 1. Let a(w) = 4*m(w) + q(w). Give a(-20).
3
Let a(h) = -h**3 - 2*h**2 + 4*h. Let q be (-666)/(-14) + (-30)/(-70). Let t = 45 - q. Determine a(t).
-3
Let d = 209 - 194. Let y(r) = -4*r + 56. Calculate y(d).
-4
Let g(c) = -4*c**2 - 7*c + 13. Let i(p) = -9*p**2 - 14*p + 25. Let y(f) = 7*g(f) - 3*i(f). Let n be y(-8). Let o(z) = -z**3 + 9*z**2 - 8*z + 5. What is o(n)?
5
Let t be -1*1 - (15 + -1). Suppose 0 = -15*x + 11*x + 44. Let p = x + t. Let d(m) = -m**3 - 4*m**2 + 1. Determine d(p).
1
Let t(k) = -3*k**2 - 136*k + 139. Let x be t(1). Let o(d) = d**2. Let v(b) = -4*b**2 + b. Let n(u) = -3*o(u) - v(u). Calculate n(x).
0
Let s(f) = -f + 10. Suppose 0 = 3*j - 4*m - 1, -m - 13 = -j - 14. What is s(j)?
15
Suppose -6*g + 0*g = -30. Let a(j) be the first derivative of 3*j**2 - g*j - 1/3*j**3 - 1. What is a(4)?
3
Let d(u) be the first derivative of -u**3/3 - u**2/2 + 6*u - 12. Let g(j) = -3*j + 27. Let x be g(9). Determine d(x).
6
Let b(l) = -8*l**3 + 26*l**2 - 10*l - 7. Let s(u) = -3*u**3 + 9*u**2 - 3*u - 2. Let f(g) = 4*b(g) - 11*s(g). Let j be 7/4 + -1 + 1188/(-176). What is f(j)?
0
Let f(b) = -b**3 - 6*b**2 - 16*b - 57. Let w be f(-5). Let x(i) = 2*i**2 + i + 3. Determine x(w).
9
Let y(d) be the third derivative of 0 + 0*d - 1/60*d**5 + 1/4*d**4 + 1/6